{"id":515,"date":"2014-04-30T19:49:16","date_gmt":"2014-04-30T19:49:16","guid":{"rendered":"http:\/\/www.maquinasaguia.com.br\/site\/?post_type=product&#038;p=515"},"modified":"2015-08-03T20:03:58","modified_gmt":"2015-08-03T20:03:58","slug":"carro-porta-toras-pneumatico-cpa-800","status":"publish","type":"product","link":"https:\/\/www.maquinasaguia.com.br\/site\/produto\/carro-porta-toras-pneumatico-cpa-800\/","title":{"rendered":"CARRO PORTA TORAS PNEUM\u00c1TICO &#8211; &#8220;CPA-800&#8221;"},"content":{"rendered":"<p>Carro com abertura de 800 mm, indicado para toras de di\u00e2metros pequenos e m\u00e9dios, em especial para madeiras reflorestadas. Sua constru\u00e7\u00e3o \u00e9 robusta, compacta, em condi\u00e7\u00e3o de enfrentar regimes de trabalho severo. Pode ser equipado com acess\u00f3rios conforme a escolha do cliente.<\/p>\n<p>Apresentando tecnologia e experi\u00eancia de 100 anos, o CPA-800 da M\u00e1quinas \u00c1guia atende \u00e0 todas as necessidades de quem procura <strong>maior PRECIS\u00c3O DE CORTE e aproveitamento final da madeira, diminuindo o desperd\u00edcio.<\/strong><\/p>\n<p><iframe loading=\"lazy\" src=\"\/\/www.youtube.com\/embed\/ce4I9MrEcWM\" height=\"354\" width=\"630\" allowfullscreen=\"\" frameborder=\"0\"><\/iframe><\/p>\n<div class=\"title\"><h2> Dados T\u00e9cnicos <\/h2><div class=\"title-line-container\"><div class=\"title-line \"><\/div><\/div><\/div>\n<p><em>O cliente dever\u00e1 optar por:<\/em><\/p>\n<ul>\n<li>Incorporar ao carro ou n\u00e3o, o virador de toras .<\/li>\n<li>Sistema de medidas: Acionamento por servo-motor, circuito hidr\u00e1ulico ou moto-freio .<\/li>\n<li>Comprimento do carro .<\/li>\n<li>Quantidade de garras .<\/li>\n<li>Comando independente ou em conjunto das garras .<\/li>\n<li>Movimento independente ou em conjunto, dos esquadros .<\/li>\n<li>Modelo do avan\u00e7amento AS-2, AS-6<\/li>\n<\/ul>\n<div class=\"title\"><h2> Caracter\u00edsticas F\u00edsicas <\/h2><div class=\"title-line-container\"><div class=\"title-line \"><\/div><\/div><\/div>\n<ul>\n<li>Constru\u00e7\u00e3o muito compacta e robusta, barramentos espessos. Sistema de medidas com servo-motor.<\/li>\n<li>Auto-escolha da receita de medidas atrav\u00e9s do recurso \u201cRL\u201d e \u201cBLOCOS.<\/li>\n<li>Afastamento eletr\u00f4nico exclusivo M\u00c1QUINAS \u00c1GUIA.<\/li>\n<li>Apoio independente para as toras, minimizando desgaste do equipamento.<\/li>\n<li>Todas as rodas com rolamentos.<\/li>\n<li>Acionamento pneum\u00e1tico das garras.<\/li>\n<li>Raspadores, retentores nas guias dos travess\u00f5es (exclusividade M\u00c1QUINAS \u00c1GUIA)<\/li>\n<li>Mesa de opera\u00e7\u00e3o ergon\u00f4mica, para comando a dist\u00e2ncia.<\/li>\n<li>Movimento independente ou em conjunto, das garras.<\/li>\n<\/ul>\n<p>&nbsp;<\/p>\n<table class=\"alignleft\" border=\"1\" cellspacing=\"0\" cellpadding=\"0\">\n<tbody>\n<tr>\n<td valign=\"top\" width=\"214\">\n<p align=\"center\"><b>MODELO DE CARRO<\/b><\/p>\n<\/td>\n<td valign=\"top\" width=\"214\">\n<p align=\"center\"><b>ABERTURA mm<\/b><\/p>\n<\/td>\n<\/tr>\n<tr>\n<td valign=\"top\" width=\"214\">\n<p align=\"center\">CPA-650<\/p>\n<\/td>\n<td valign=\"top\" width=\"214\">\n<p align=\"center\">650mm<\/p>\n<\/td>\n<\/tr>\n<tr>\n<td valign=\"top\" width=\"214\">\n<p align=\"center\">CPA-800<\/p>\n<\/td>\n<td valign=\"top\" width=\"214\">\n<p align=\"center\">800mm<\/p>\n<\/td>\n<\/tr>\n<tr>\n<td valign=\"top\" width=\"214\">\n<p align=\"center\">CPA-1000<\/p>\n<\/td>\n<td valign=\"top\" width=\"214\">\n<p align=\"center\">1000mm<\/p>\n<\/td>\n<\/tr>\n<tr>\n<td valign=\"top\" width=\"214\">\n<p align=\"center\">CPA-1300<\/p>\n<\/td>\n<td valign=\"top\" width=\"214\">\n<p align=\"center\">1300mm<\/p>\n<\/td>\n<\/tr>\n<tr>\n<td valign=\"top\" width=\"214\">\n<p align=\"center\">CPA-1500<\/p>\n<\/td>\n<td valign=\"top\" width=\"214\">\n<p align=\"center\">1500mm<\/p>\n<\/td>\n<\/tr>\n<\/tbody>\n<\/table>\n<p>&nbsp;<\/p>\n<p>&nbsp;<\/p>\n","protected":false},"excerpt":{"rendered":"<p>O CPA-800 \u00e9 o CARRO PORTA TORAS mais r\u00e1pido e inteligente do mercado atual, com a tecnologia exclusiva M\u00e1quinas \u00c1guia, acionamento servo motor, muito robusto, tornou-se o carro porta tora mais elogiado dentre as marcas.<\/p>\n<p><a href=\"http:\/\/youtu.be\/ce4I9MrEcWM\">\u00a0<\/a><\/p>\n","protected":false},"featured_media":750,"comment_status":"closed","ping_status":"closed","template":"","meta":[],"product_brand":[],"product_cat":[24,15],"product_tag":[48,46,47],"class_list":{"0":"post-515","1":"product","2":"type-product","3":"status-publish","4":"has-post-thumbnail","6":"product_cat-carro-porta-toras","7":"product_cat-serraria","8":"product_tag-carro-maquinas-aguia","9":"product_tag-carro-porta-toras-2","10":"product_tag-cpa-800","12":"first","13":"instock","14":"shipping-taxable","15":"product-type-simple"},"_links":{"self":[{"href":"https:\/\/www.maquinasaguia.com.br\/site\/wp-json\/wp\/v2\/product\/515","targetHints":{"allow":["GET"]}}],"collection":[{"href":"https:\/\/www.maquinasaguia.com.br\/site\/wp-json\/wp\/v2\/product"}],"about":[{"href":"https:\/\/www.maquinasaguia.com.br\/site\/wp-json\/wp\/v2\/types\/product"}],"replies":[{"embeddable":true,"href":"https:\/\/www.maquinasaguia.com.br\/site\/wp-json\/wp\/v2\/comments?post=515"}],"wp:featuredmedia":[{"embeddable":true,"href":"https:\/\/www.maquinasaguia.com.br\/site\/wp-json\/wp\/v2\/media\/750"}],"wp:attachment":[{"href":"https:\/\/www.maquinasaguia.com.br\/site\/wp-json\/wp\/v2\/media?parent=515"}],"wp:term":[{"taxonomy":"product_brand","embeddable":true,"href":"https:\/\/www.maquinasaguia.com.br\/site\/wp-json\/wp\/v2\/product_brand?post=515"},{"taxonomy":"product_cat","embeddable":true,"href":"https:\/\/www.maquinasaguia.com.br\/site\/wp-json\/wp\/v2\/product_cat?post=515"},{"taxonomy":"product_tag","embeddable":true,"href":"https:\/\/www.maquinasaguia.com.br\/site\/wp-json\/wp\/v2\/product_tag?post=515"}],"curies":[{"name":"wp","href":"https:\/\/api.w.org\/{rel}","templated":true}]}}