{"id":240,"date":"2014-04-22T11:40:18","date_gmt":"2014-04-22T11:40:18","guid":{"rendered":"http:\/\/www.maquinasaguia.com.br\/site\/?post_type=product&#038;p=240"},"modified":"2016-08-29T12:47:55","modified_gmt":"2016-08-29T12:47:55","slug":"torno-cabeceiro-pneumatico-ca45-pn","status":"publish","type":"product","link":"https:\/\/www.maquinasaguia.com.br\/site\/produto\/torno-cabeceiro-pneumatico-ca45-pn\/","title":{"rendered":"TORNO CABECEIRO PNEUM\u00c1TICO &#8220;CA45-PN&#8221;"},"content":{"rendered":"<p>Indicado para fazer a \u201cmeia esfera\u201d (cabe\u00e7a) em cabos cil\u00edndricos.<br \/>\nM\u00e1quina de f\u00e1cil manuseio, regulagem simples e de grande durabilidade e produtividade.<br \/>\nO acabamento por ele produzido satisfaz os mais exigentes mercados mundiais.<\/p>\n<div class=\"title\"><h2>\u00a0Dados T\u00e9cnicos\u00a0<\/h2><div class=\"title-line-container\"><div class=\"title-line \"><\/div><\/div><\/div>\n<ul>\n<li>Alimenta\u00e7\u00e3o manual;<\/li>\n<li>Acionamento autom\u00e1tico (por cilindro pneum\u00e1tico);<\/li>\n<li>Motoriza\u00e7\u00e3o: um motor el\u00e9trico de 1,5 c.v.;<\/li>\n<li>Produ\u00e7\u00e3o \u201cm\u00e9dia\u201d por hora\/m\u00e1quina: 2.550 Pe\u00e7as.<\/li>\n<li>Sistema opcional de v\u00e1lvula de acionamento simples ou por temporizador.<\/li>\n<\/ul>\n<div class=\"title\"><h2>\u00a0Caracter\u00edsticas F\u00edsicas\u00a0<\/h2><div class=\"title-line-container\"><div class=\"title-line \"><\/div><\/div><\/div>\n<ul>\n<li>Estrutura constru\u00edda em ferro fundido e perfis dobrados (cantoneiras);<\/li>\n<li>Peso l\u00edquido (aproximado): 95 Kg.;<\/li>\n<li>Dimens\u00f5es aproximadas: (L) 0,45m x (C ) 0,85m x (A) 1,05m<\/li>\n<\/ul>\n","protected":false},"excerpt":{"rendered":"<p>Indicado para fazer a \u201cmeia esfera\u201d (cabe\u00e7a) em cabos cil\u00edndricos.<br \/>\nM\u00e1quina de f\u00e1cil manuseio, regulagem simples e de grande durabilidade e produtividade.<\/p>\n<p>&nbsp;<\/p>\n","protected":false},"featured_media":810,"comment_status":"closed","ping_status":"closed","template":"","meta":[],"product_brand":[],"product_cat":[16,17],"product_tag":[],"class_list":{"0":"post-240","1":"product","2":"type-product","3":"status-publish","4":"has-post-thumbnail","6":"product_cat-beneficiamento","7":"product_cat-cabos-de-vassoura","9":"first","10":"instock","11":"shipping-taxable","12":"product-type-simple"},"_links":{"self":[{"href":"https:\/\/www.maquinasaguia.com.br\/site\/wp-json\/wp\/v2\/product\/240","targetHints":{"allow":["GET"]}}],"collection":[{"href":"https:\/\/www.maquinasaguia.com.br\/site\/wp-json\/wp\/v2\/product"}],"about":[{"href":"https:\/\/www.maquinasaguia.com.br\/site\/wp-json\/wp\/v2\/types\/product"}],"replies":[{"embeddable":true,"href":"https:\/\/www.maquinasaguia.com.br\/site\/wp-json\/wp\/v2\/comments?post=240"}],"wp:featuredmedia":[{"embeddable":true,"href":"https:\/\/www.maquinasaguia.com.br\/site\/wp-json\/wp\/v2\/media\/810"}],"wp:attachment":[{"href":"https:\/\/www.maquinasaguia.com.br\/site\/wp-json\/wp\/v2\/media?parent=240"}],"wp:term":[{"taxonomy":"product_brand","embeddable":true,"href":"https:\/\/www.maquinasaguia.com.br\/site\/wp-json\/wp\/v2\/product_brand?post=240"},{"taxonomy":"product_cat","embeddable":true,"href":"https:\/\/www.maquinasaguia.com.br\/site\/wp-json\/wp\/v2\/product_cat?post=240"},{"taxonomy":"product_tag","embeddable":true,"href":"https:\/\/www.maquinasaguia.com.br\/site\/wp-json\/wp\/v2\/product_tag?post=240"}],"curies":[{"name":"wp","href":"https:\/\/api.w.org\/{rel}","templated":true}]}}