{"id":45,"date":"2014-02-25T19:46:32","date_gmt":"2014-02-25T19:46:32","guid":{"rendered":"http:\/\/www.maquinasaguia.com.br\/site\/?page_id=45"},"modified":"2015-01-08T19:18:12","modified_gmt":"2015-01-08T19:18:12","slug":"home","status":"publish","type":"page","link":"https:\/\/www.maquinasaguia.com.br\/site\/","title":{"rendered":"Home"},"content":{"rendered":"<div><style type=\"text\/css\" scoped><\/style><ul class=\"clearfix columns content-boxes content-boxes-icon-on-side columns-3\" id=\"content-boxes-1\">\n<li class=\"col\"><div class=\"heading heading-and-icon\"><i class=\"fontawesome-icon medium circle-yes fa fa-suitcase\"><\/i><h3>A Empresa<\/h3><div class=\"col-content-container\">\n<span style=\"line-height: 1.5em;\">A Ind. e Com. de M\u00e1quinas \u00c1guia Ltda. \u00e9 uma empresa fabricante de m\u00e1quinas para\u00a0Serraria com o foco na precis\u00e3o de corte e automa\u00e7\u00e3o; multil\u00e2minas, plainas&#8230;<\/span><\/p>\n<span class=\"more\"><a href=\"http:\/\/www.maquinasaguia.com.br\/site\/a-empresa\/\" target=\"_self\">Continue lendo<\/a><\/span><\/div><\/div><\/li>\n<li class=\"col\"><div class=\"heading heading-and-icon\"><i class=\"fontawesome-icon medium circle-yes fa fa-shopping-cart\"><\/i><h3>Produtos<\/h3><div class=\"col-content-container\">\nConhe\u00e7a toda nossa linha de M\u00e1quinas e equipamentos para SERRARIAS, M\u00e1quinas para produ\u00e7\u00e3o de CABOS DE VASSOURAS, como: rosqueadeiras, serras circulares, refiladeiras, serras destopadeiras, plainas, m\u00e1quinas e equipamentos para a ind\u00fastria moveleira e muito mais.<br \/>\n<span class=\"more\"><a href=\"http:\/\/www.maquinasaguia.com.br\/site\/produtos\/\" target=\"_self\">Continue lendo<\/a><\/span><\/div><\/div><\/li>\n<li class=\"col\"><div class=\"heading heading-and-icon\"><i class=\"fontawesome-icon medium circle-yes fa fa-envelope\"><\/i><h3>Contato<\/h3><div class=\"col-content-container\">\nEm caso de d\u00favidas, entre em contato conosco pelo fone\u00a0(41) 3382-3100 ou preencha nosso formul\u00e1rio de contato.<br \/>\n<span class=\"more\"><a href=\"http:\/\/www.maquinasaguia.com.br\/site\/contato\/\" target=\"_self\">Continue lendo<\/a><\/span><\/div><\/div><\/li>\n<\/ul><\/div>\n\n<div class=\"andalu-col one-half\"> <div class=\"title\"><h2>M\u00e1quinas \u00c1guia<\/h2><div class=\"title-line-container\"><div class=\"title-line \"><\/div><\/div><\/div> <div class=\"andalu-accordion\"> <h4><i class=\"section-icon fa fa-angle-right\"><\/i><span class=\"section-title\">Miss\u00e3o<\/span><\/h4><div><p>A &#8220;M\u00e1quinas \u00c1guia&#8221; tem como principal objetivo, fornecer produtos e servi\u00e7os, dentro de padr\u00f5es definidos, visando alcan\u00e7ar desta forma, a satisfa\u00e7\u00e3o das necessidades dos clientes.<\/p><\/div> <h4><i class=\"section-icon fa fa-angle-right\"><\/i><span class=\"section-title\">Vis\u00e3o<\/span><\/h4><div><p>Ser empresa refer\u00eancia nas \u00e1reas de serrarias, beneficiamento e aproveitamento de madeira, reconhecida por clientes, investidores, fornecedores e colaboradores, pela qualidade de relacionamento, assessoria t\u00e9cnica, produtos e servi\u00e7os.<\/p><\/div> <h4><i class=\"section-icon fa fa-angle-right\"><\/i><span class=\"section-title\">Valores<\/span><\/h4><div><p>\n&#8211; comprometimento<br \/>\n&#8211; sustentabilidade<br \/>\n&#8211; valoriza\u00e7\u00e3o humana<br \/>\n&#8211; inova\u00e7\u00e3o<br \/>\n&#8211; melhoria cont\u00ednua.<\/p><\/div> <\/div> <\/div>\n<div class=\"andalu-col one-half last\"><div class=\"title\"><h2>Depoimentos<\/h2><div class=\"title-line-container\"><div class=\"title-line \"><\/div><\/div><\/div> <aside id=\"testimonial-shortcode-1\" class=\"widget widget_testimonial clearfix\">\t\t<div class=\"testimonial_widget clearfix\">\n\t\t\t<div id=\"testimonialslider-1\" class=\"testimonialslider-1 flexslider testimonial-slider\"><ul class=\"slides\"><li class=\"testimonial\"><div class=\"quote\"><p>Nossa empresa \u00e9 cliente da M\u00e1quinas \u00c1guia desde que iniciou suas atividades em 1994 onde seu quadro de m\u00e1quinas \u00e9 em torno de 80%, equipamentos de alta qualidade e precis\u00e3o, com profissionais de alta compet\u00eancia e seriedade tanto na \u00e1rea de produ\u00e7\u00e3o quanto a \u00e1rea administrativa.<\/p>\n<\/div><div class=\"bg\"><\/div><div class=\"author\">Norberto Ponsoni<span> - Pondel Ind. de Cabos LTDA<\/span><\/div><\/li><li class=\"testimonial\"><div class=\"quote\"><p>Conhe\u00e7o a M\u00e1quinas \u00c1guia a mais de 20 anos, desde quando trabalhava em outra empresa do ramo de madeiras. Hoje temos nossa pr\u00f3pria empresa de palitos a 5 anos em Lagoa da Prata-MG, (Palitos FGL Ltda), e n\u00e3o podia deixar de continuar minha parceria como cliente, sabendo de sua seriedade e profissionalismo para com seus clientes, sendo assim j\u00e1 temos 8 m\u00e1quinas adquirida da M\u00e1quinas \u00c1guia por conta da qualidade de seus produtos e principalmente o atendimento. ''Quando for comprar maquinas para madeiras, n\u00e3o deixe de cotar com \u201cM\u00e1quinas \u00c1guia''. A Palitos FGL assina em baixo.<\/p>\n<\/div><div class=\"bg\"><\/div><div class=\"author\">Gilson<span> - Palitos FGL<\/span><\/div><\/li><\/ul><\/div><script>jQuery(document).ready(function($) { $('#testimonialslider-1').flexslider({controlNav: false, slideshowSpeed: 6000}); });<\/script>\t\t<\/div>\n\t\t<\/aside><\/div><div class=\"clear-column\"><\/div>\n<p><!--\n[tagline-box pagecurl=\"yes\" shadow=\"yes\"]\n\n\n<h3>M\u00e1quinas \u00c1guia e o Meio Ambiente<\/h3>\n\n\nUtilize madeira de manejos sustent\u00e1veis, preserve o meio ambiente.\n\n[\/tagline-box]\n--><\/p>\n","protected":false},"excerpt":{"rendered":"","protected":false},"author":1,"featured_media":0,"parent":0,"menu_order":1,"comment_status":"closed","ping_status":"closed","template":"template-full-width.php","meta":{"footnotes":""},"class_list":["post-45","page","type-page","status-publish","hentry"],"_links":{"self":[{"href":"https:\/\/www.maquinasaguia.com.br\/site\/wp-json\/wp\/v2\/pages\/45","targetHints":{"allow":["GET"]}}],"collection":[{"href":"https:\/\/www.maquinasaguia.com.br\/site\/wp-json\/wp\/v2\/pages"}],"about":[{"href":"https:\/\/www.maquinasaguia.com.br\/site\/wp-json\/wp\/v2\/types\/page"}],"author":[{"embeddable":true,"href":"https:\/\/www.maquinasaguia.com.br\/site\/wp-json\/wp\/v2\/users\/1"}],"replies":[{"embeddable":true,"href":"https:\/\/www.maquinasaguia.com.br\/site\/wp-json\/wp\/v2\/comments?post=45"}],"version-history":[{"count":42,"href":"https:\/\/www.maquinasaguia.com.br\/site\/wp-json\/wp\/v2\/pages\/45\/revisions"}],"predecessor-version":[{"id":716,"href":"https:\/\/www.maquinasaguia.com.br\/site\/wp-json\/wp\/v2\/pages\/45\/revisions\/716"}],"wp:attachment":[{"href":"https:\/\/www.maquinasaguia.com.br\/site\/wp-json\/wp\/v2\/media?parent=45"}],"curies":[{"name":"wp","href":"https:\/\/api.w.org\/{rel}","templated":true}]}}