{"id":99,"date":"2014-03-18T18:17:58","date_gmt":"2014-03-18T18:17:58","guid":{"rendered":"http:\/\/www.maquinasaguia.com.br\/site\/?post_type=product&#038;p=99"},"modified":"2014-11-07T17:39:04","modified_gmt":"2014-11-07T17:39:04","slug":"serra-de-fita-para-toras","status":"publish","type":"product","link":"http:\/\/www.maquinasaguia.com.br\/site\/produto\/serra-de-fita-para-toras\/","title":{"rendered":"SERRA DE FITA PARA TORAS"},"content":{"rendered":"<p>A M\u00c1QUINAS \u00c1GUIA fabrica as mais tradicionais e modernas Serras de Fita, acompanhando a tend\u00eancia mundial da melhor qualidade, produtividade e seguran\u00e7a.<br \/>\nS\u00e3o fabricados sete tamanhos de m\u00e1quina, com volantes de \u00d8 800 at\u00e9 2000 mm.<\/p>\n<div class=\"title\"><h2> Dados T\u00e9cnicos <\/h2><div class=\"title-line-container\"><div class=\"title-line \"><\/div><\/div><\/div>\nNo seu projeto foram aplicados recursos da mec\u00e2nica atual, fazendo uso de detalhes construtivos que com certeza melhoram a precis\u00e3o, a vida \u00fatil, al\u00e9m de facilitar o uso da m\u00e1quina e promover a seguran\u00e7a no trabalho.<br \/>\nS\u00e3o fabricados sete tamanhos de m\u00e1quina, com volantes de \u00d8 800 at\u00e9 2000 mm.<\/p>\n<ul>\n<li>Tensionamento eletro-hidr\u00e1ulico da l\u00e2mina de serra (mec\u00e2nico sob pedido)<\/li>\n<li>Mecanismo compensador de alinhamento do volante superior<\/li>\n<li>Eficaz sistema de freio dos volantes<\/li>\n<li>Balanceamento din\u00e2mico rigoroso das pe\u00e7as girat\u00f3rias<\/li>\n<li>Guias da lamina de baixo atrito<\/li>\n<\/ul>\n<p><span style=\"line-height: 1.5em;\"><div class=\"title\"><h2> Caracter\u00edsticas F\u00edsicas <\/h2><div class=\"title-line-container\"><div class=\"title-line \"><\/div><\/div><\/div><\/span><\/p>\n<p>&nbsp;<\/p>\n<table border=\"1\" cellspacing=\"0\" cellpadding=\"0\">\n<tbody>\n<tr>\n<td width=\"115\">\n<p align=\"center\">M\u00c1QUINA<\/p>\n<\/td>\n<td width=\"108\">\n<p align=\"center\">VOLANTES<br \/>\n\u00d8 mm<\/p>\n<\/td>\n<\/tr>\n<tr>\n<td width=\"115\">\n<p align=\"center\">SF-800<\/p>\n<\/td>\n<td width=\"108\">\n<p align=\"center\">800<\/p>\n<\/td>\n<\/tr>\n<tr>\n<td width=\"115\">\n<p align=\"center\">SF-900<\/p>\n<\/td>\n<td width=\"108\">\n<p align=\"center\">900<\/p>\n<\/td>\n<\/tr>\n<tr>\n<td width=\"115\">\n<p align=\"center\">SF-1000<\/p>\n<\/td>\n<td width=\"108\">\n<p align=\"center\">1.000<\/p>\n<\/td>\n<\/tr>\n<tr>\n<td width=\"115\">\n<p align=\"center\">SF-1100<\/p>\n<\/td>\n<td width=\"108\">\n<p align=\"center\">1.100<\/p>\n<\/td>\n<\/tr>\n<tr>\n<td width=\"115\">\n<p align=\"center\">SF-1250<\/p>\n<\/td>\n<td width=\"108\">\n<p align=\"center\">1.250<\/p>\n<\/td>\n<\/tr>\n<tr>\n<td width=\"115\">\n<p align=\"center\">SF-1350<\/p>\n<\/td>\n<td width=\"108\">\n<p align=\"center\">1.350<\/p>\n<\/td>\n<\/tr>\n<tr>\n<td width=\"115\">\n<p align=\"center\">SF-1500<\/p>\n<\/td>\n<td width=\"108\">\n<p align=\"center\">1.500<\/p>\n<\/td>\n<\/tr>\n<tr>\n<td width=\"115\">\n<p align=\"center\">SF-1600<\/p>\n<\/td>\n<td width=\"108\">\n<p align=\"center\">1.600<\/p>\n<\/td>\n<\/tr>\n<tr>\n<td width=\"115\">\n<p align=\"center\">SF-1800<\/p>\n<\/td>\n<td width=\"108\">\n<p align=\"center\">1.800<\/p>\n<\/td>\n<\/tr>\n<tr>\n<td width=\"115\">\n<p align=\"center\">SF-2000<\/p>\n<\/td>\n<td width=\"108\">\n<p align=\"center\">2.000<\/p>\n<\/td>\n<\/tr>\n<\/tbody>\n<\/table>\n","protected":false},"excerpt":{"rendered":"<p>Fabricamos as mais tradicionais e modernas Serras de Fita, acompanhando a tend\u00eancia mundial da melhor qualidade, produtividade e seguran\u00e7a.<\/p>\n","protected":false},"featured_media":694,"comment_status":"closed","ping_status":"closed","template":"","meta":[],"product_brand":[],"product_cat":[24,15,23],"product_tag":[],"class_list":{"0":"post-99","1":"product","2":"type-product","3":"status-publish","4":"has-post-thumbnail","6":"product_cat-carro-porta-toras","7":"product_cat-serraria","8":"product_cat-serras-de-fita","10":"first","11":"instock","12":"shipping-taxable","13":"product-type-simple"},"_links":{"self":[{"href":"http:\/\/www.maquinasaguia.com.br\/site\/wp-json\/wp\/v2\/product\/99","targetHints":{"allow":["GET"]}}],"collection":[{"href":"http:\/\/www.maquinasaguia.com.br\/site\/wp-json\/wp\/v2\/product"}],"about":[{"href":"http:\/\/www.maquinasaguia.com.br\/site\/wp-json\/wp\/v2\/types\/product"}],"replies":[{"embeddable":true,"href":"http:\/\/www.maquinasaguia.com.br\/site\/wp-json\/wp\/v2\/comments?post=99"}],"wp:featuredmedia":[{"embeddable":true,"href":"http:\/\/www.maquinasaguia.com.br\/site\/wp-json\/wp\/v2\/media\/694"}],"wp:attachment":[{"href":"http:\/\/www.maquinasaguia.com.br\/site\/wp-json\/wp\/v2\/media?parent=99"}],"wp:term":[{"taxonomy":"product_brand","embeddable":true,"href":"http:\/\/www.maquinasaguia.com.br\/site\/wp-json\/wp\/v2\/product_brand?post=99"},{"taxonomy":"product_cat","embeddable":true,"href":"http:\/\/www.maquinasaguia.com.br\/site\/wp-json\/wp\/v2\/product_cat?post=99"},{"taxonomy":"product_tag","embeddable":true,"href":"http:\/\/www.maquinasaguia.com.br\/site\/wp-json\/wp\/v2\/product_tag?post=99"}],"curies":[{"name":"wp","href":"https:\/\/api.w.org\/{rel}","templated":true}]}}