{"id":572,"date":"2014-05-02T18:22:11","date_gmt":"2014-05-02T18:22:11","guid":{"rendered":"http:\/\/www.maquinasaguia.com.br\/site\/?post_type=product&#038;p=572"},"modified":"2014-05-02T18:22:11","modified_gmt":"2014-05-02T18:22:11","slug":"recalcador","status":"publish","type":"product","link":"http:\/\/www.maquinasaguia.com.br\/site\/produto\/recalcador\/","title":{"rendered":"RECALCADOR"},"content":{"rendered":"<p>\u00c9 a ferramenta indispens\u00e1vel para efetuar o recalque (achatamento) dos dentes da l\u00e2mina de serra de fita. Dependendo da espessura da l\u00e2mina est\u00e3o dispon\u00edveis alguns modelos de recalcador.<\/p>\n","protected":false},"excerpt":{"rendered":"<p>\u00c9 a ferramenta indispens\u00e1vel para efetuar o recalque (achatamento) dos dentes da l\u00e2mina de serra de fita. Dependendo da espessura da l\u00e2mina est\u00e3o dispon\u00edveis alguns modelos de recalcador.<\/p>\n","protected":false},"featured_media":573,"comment_status":"closed","ping_status":"closed","template":"","meta":[],"product_brand":[],"product_cat":[28,15],"product_tag":[],"class_list":{"0":"post-572","1":"product","2":"type-product","3":"status-publish","4":"has-post-thumbnail","6":"product_cat-equipamento-complementar","7":"product_cat-serraria","9":"first","10":"instock","11":"shipping-taxable","12":"product-type-simple"},"_links":{"self":[{"href":"http:\/\/www.maquinasaguia.com.br\/site\/wp-json\/wp\/v2\/product\/572","targetHints":{"allow":["GET"]}}],"collection":[{"href":"http:\/\/www.maquinasaguia.com.br\/site\/wp-json\/wp\/v2\/product"}],"about":[{"href":"http:\/\/www.maquinasaguia.com.br\/site\/wp-json\/wp\/v2\/types\/product"}],"replies":[{"embeddable":true,"href":"http:\/\/www.maquinasaguia.com.br\/site\/wp-json\/wp\/v2\/comments?post=572"}],"wp:featuredmedia":[{"embeddable":true,"href":"http:\/\/www.maquinasaguia.com.br\/site\/wp-json\/wp\/v2\/media\/573"}],"wp:attachment":[{"href":"http:\/\/www.maquinasaguia.com.br\/site\/wp-json\/wp\/v2\/media?parent=572"}],"wp:term":[{"taxonomy":"product_brand","embeddable":true,"href":"http:\/\/www.maquinasaguia.com.br\/site\/wp-json\/wp\/v2\/product_brand?post=572"},{"taxonomy":"product_cat","embeddable":true,"href":"http:\/\/www.maquinasaguia.com.br\/site\/wp-json\/wp\/v2\/product_cat?post=572"},{"taxonomy":"product_tag","embeddable":true,"href":"http:\/\/www.maquinasaguia.com.br\/site\/wp-json\/wp\/v2\/product_tag?post=572"}],"curies":[{"name":"wp","href":"https:\/\/api.w.org\/{rel}","templated":true}]}}