{"id":563,"date":"2014-05-02T18:04:51","date_gmt":"2014-05-02T18:04:51","guid":{"rendered":"http:\/\/www.maquinasaguia.com.br\/site\/?post_type=product&#038;p=563"},"modified":"2020-12-23T12:44:59","modified_gmt":"2020-12-23T12:44:59","slug":"destopadeira-multipla-inferior-dmi","status":"publish","type":"product","link":"http:\/\/www.maquinasaguia.com.br\/site\/produto\/destopadeira-multipla-inferior-dmi\/","title":{"rendered":"DESTOPADEIRA M\u00daLTIPLA INFERIOR &#8211; &#8220;DMI&#8221;"},"content":{"rendered":"<p>Destopar significa fazer cortes transversais na madeira, resultando pe\u00e7as com extremidades esquadrejadas com comprimentos pr\u00e9-determinados ou n\u00e3o, dependendo do que o cliente desejar.<\/p>\n<p>O destopamento inclui tamb\u00e9m o processo de remo\u00e7\u00e3o de falhas internas da madeira, sejam elas manchas, n\u00f3s, podres ou vazios quando o objetivo for obter madeira limpa (clear).<\/p>\n<div class=\"title\"><h2> Dados T\u00e9cnicos <\/h2><div class=\"title-line-container\"><div class=\"title-line \"><\/div><\/div><\/div>\n<ul>\n<li>O comprimento \u00e9 previamente ajustado para trabalho cont\u00ednuo em alta produ\u00e7\u00e3o, sendo que a madeira \u00e9 transportada por correntes transversais, passando a madeira por entre as serras circulares executando destopos m\u00faltiplos simult\u00e2neos.<\/li>\n<\/ul>\n<div class=\"title\"><h2> Caracter\u00edsticas F\u00edsicas <\/h2><div class=\"title-line-container\"><div class=\"title-line \"><\/div><\/div><\/div>\n<ul>\n<li>Altura de corte: 50mm.<\/li>\n<li>Pot\u00eancia das serras: 3cv (ou 5cv).<\/li>\n<li>Di\u00e2metro da serra: 400mm.<\/li>\n<li>Quantidade de serra: 2\/3\/4\/5\/6.<\/li>\n<li>Transportador de correia para produto serrado e res\u00edduos.<\/li>\n<\/ul>\n","protected":false},"excerpt":{"rendered":"<p>O destopamento inclui tamb\u00e9m o processo de remo\u00e7\u00e3o de falhas internas da madeira.<\/p>\n","protected":false},"featured_media":913,"comment_status":"closed","ping_status":"closed","template":"","meta":[],"product_brand":[],"product_cat":[16,28,15,18],"product_tag":[],"class_list":{"0":"post-563","1":"product","2":"type-product","3":"status-publish","4":"has-post-thumbnail","6":"product_cat-beneficiamento","7":"product_cat-equipamento-complementar","8":"product_cat-serraria","9":"product_cat-serras-circulares","11":"first","12":"instock","13":"shipping-taxable","14":"product-type-simple"},"_links":{"self":[{"href":"http:\/\/www.maquinasaguia.com.br\/site\/wp-json\/wp\/v2\/product\/563","targetHints":{"allow":["GET"]}}],"collection":[{"href":"http:\/\/www.maquinasaguia.com.br\/site\/wp-json\/wp\/v2\/product"}],"about":[{"href":"http:\/\/www.maquinasaguia.com.br\/site\/wp-json\/wp\/v2\/types\/product"}],"replies":[{"embeddable":true,"href":"http:\/\/www.maquinasaguia.com.br\/site\/wp-json\/wp\/v2\/comments?post=563"}],"wp:featuredmedia":[{"embeddable":true,"href":"http:\/\/www.maquinasaguia.com.br\/site\/wp-json\/wp\/v2\/media\/913"}],"wp:attachment":[{"href":"http:\/\/www.maquinasaguia.com.br\/site\/wp-json\/wp\/v2\/media?parent=563"}],"wp:term":[{"taxonomy":"product_brand","embeddable":true,"href":"http:\/\/www.maquinasaguia.com.br\/site\/wp-json\/wp\/v2\/product_brand?post=563"},{"taxonomy":"product_cat","embeddable":true,"href":"http:\/\/www.maquinasaguia.com.br\/site\/wp-json\/wp\/v2\/product_cat?post=563"},{"taxonomy":"product_tag","embeddable":true,"href":"http:\/\/www.maquinasaguia.com.br\/site\/wp-json\/wp\/v2\/product_tag?post=563"}],"curies":[{"name":"wp","href":"https:\/\/api.w.org\/{rel}","templated":true}]}}