{"id":500,"date":"2014-04-30T15:13:18","date_gmt":"2014-04-30T15:13:18","guid":{"rendered":"http:\/\/www.maquinasaguia.com.br\/site\/?post_type=product&#038;p=500"},"modified":"2016-02-11T12:59:27","modified_gmt":"2016-02-11T12:59:27","slug":"serra-de-fita-desdobro-horizontal-dh-110","status":"publish","type":"product","link":"http:\/\/www.maquinasaguia.com.br\/site\/produto\/serra-de-fita-desdobro-horizontal-dh-110\/","title":{"rendered":"SERRA DE FITA DESDOBRO HORIZONTAL &#8220;DH-110&#8221;"},"content":{"rendered":"<p>S\u00e3o m\u00e1quinas para desdobrar t\u00e1buas, blocos ou costaneiras para medidas menores. Podem ser serrados todos os tipos de madeira, desde que j\u00e1 tenham uma face plana e que suas dimens\u00f5es sejam compat\u00edveis com a capacidade da m\u00e1quina desejada.<br \/>\nO desdobro com serra horizontal \u00e9 interessante quando forem necess\u00e1rios repetidos cortes numa pe\u00e7a de madeira, reduzindo muito o esfor\u00e7o humano no trabalho.<\/p>\n<div class=\"title\"><h2> Dados T\u00e9cnicos <\/h2><div class=\"title-line-container\"><div class=\"title-line \"><\/div><\/div><\/div>\n<p>O cliente poder\u00e1 escolher o tamanho de sua m\u00e1quina e o n\u00famero de serras de fitas, uma ou mais (cabe\u00e7otes), que ser\u00e3o montadas em seq\u00fc\u00eancia. Desta forma a madeira \u00e9 cortada no processo, tantas vezes quantas forem o n\u00famero de cabe\u00e7otes.<\/p>\n<p>Independente disto a madeira (costaneira, ou bloco) poder\u00e1 retornar sobre a correia plana incorporada \u00e0 m\u00e1quina para novo processo de corte, quantas vezes for necess\u00e1rio, at\u00e9 reduzi-la \u00e0 medida m\u00ednima desejada.<\/p>\n<ul>\n<li>\u00a0Tensionamento eletro-hidr\u00e1ulico da l\u00e2mina de serra (mec\u00e2nico sob pedido)<\/li>\n<li>\u00a0Mecanismo compensador de alinhamento do volante movido<\/li>\n<li>\u00a0Eficaz sistema de freio dos volantes<\/li>\n<li>\u00a0Balanceamento din\u00e2mico rigoroso das pe\u00e7as girat\u00f3rias<\/li>\n<li>\u00a0Guias da lamina de baixo atrito<\/li>\n<li>\u00a0Velocidade de avan\u00e7o vari\u00e1vel ou fixa dependendo da defini\u00e7\u00e3o do cliente<\/li>\n<li>\u00a0Controle de medidas (bitolador) manual ou eletr\u00f4nico<\/li>\n<li>Corrente transportadora movida<\/li>\n<\/ul>\n<div class=\"title\"><h2> Caracter\u00edsticas F\u00edsicas <\/h2><div class=\"title-line-container\"><div class=\"title-line \"><\/div><\/div><\/div>\n<ul>\n<li>Estrutura Compacta e muito refor\u00e7ada<\/li>\n<\/ul>\n<p align=\"center\"><strong>1, 2 ou 3 CABE\u00c7OTES<\/strong><\/p>\n<table class=\"aligncenter\" width=\"636\" border=\"1\" cellspacing=\"0\" cellpadding=\"0\">\n<tbody>\n<tr>\n<td valign=\"top\" width=\"108\">\n<p align=\"center\"><b>M\u00c1QUINA<\/b><\/p>\n<\/td>\n<td valign=\"top\" width=\"99\">\n<p align=\"center\"><b>VOLANTES<\/b><\/p>\n<p align=\"center\"><b>\u00d8 mm<\/b><\/p>\n<\/td>\n<td valign=\"top\" width=\"158\">\n<p align=\"center\"><b>PRESSIONAMENTO<\/b><\/p>\n<p align=\"center\"><b>DA MADEIRA<\/b><\/p>\n<\/td>\n<td valign=\"top\" width=\"134\">\n<p align=\"center\"><b>ROLO SUPERIOR<\/b><\/p>\n<p align=\"center\"><b>QNTD x<\/b><\/p>\n<p align=\"center\"><b>ACIONAMENTO<\/b><\/p>\n<\/td>\n<td valign=\"top\" width=\"137\"><b>\u00a0 \u00a0 \u00a0 CORRENTE<\/b><b>\u00a0TRANSPORTADORA<\/b><\/td>\n<\/tr>\n<tr>\n<td valign=\"top\" width=\"108\">\n<p align=\"center\">DH-110<\/p>\n<\/td>\n<td valign=\"top\" width=\"99\">\n<p align=\"center\">1.100mm<\/p>\n<\/td>\n<td valign=\"top\" width=\"158\">\n<p align=\"center\">PNEUM\u00c1TICO<\/p>\n<\/td>\n<td valign=\"top\" width=\"134\">\n<p align=\"center\">2x MOTRIZ<\/p>\n<\/td>\n<td valign=\"top\" width=\"137\">\n<p align=\"center\">MOVIDA<\/p>\n<\/td>\n<\/tr>\n<tr>\n<td valign=\"top\" width=\"108\">\n<p align=\"center\">DH-125<\/p>\n<\/td>\n<td valign=\"top\" width=\"99\">\n<p align=\"center\">1.250mm<\/p>\n<\/td>\n<td valign=\"top\" width=\"158\">\n<p align=\"center\">PNEUM\u00c1TICO<\/p>\n<\/td>\n<td valign=\"top\" width=\"134\">\n<p align=\"center\">2x MOTRIZ<\/p>\n<\/td>\n<td valign=\"top\" width=\"137\">\n<p align=\"center\">MOVIDA<\/p>\n<\/td>\n<\/tr>\n<\/tbody>\n<\/table>\n<p>&nbsp;<\/p>\n<p>&nbsp;<\/p>\n<p><iframe loading=\"lazy\" src=\"https:\/\/www.youtube.com\/embed\/EPcBVyMbMJU?rel=0\" height=\"360\" width=\"640\" allowfullscreen=\"\" frameborder=\"0\"><\/iframe><\/p>\n","protected":false},"excerpt":{"rendered":"<p>A melhor e mais precisa Serra Desdobro Horizontal do mercado atual. M\u00e1quina interessante quando forem necess\u00e1rios repetidos cortes numa pe\u00e7a de madeira, mantendo \u00f3tima precis\u00e3o no corte, reduzindo muito o esfor\u00e7o humano no trabalho.<\/p>\n","protected":false},"featured_media":501,"comment_status":"closed","ping_status":"closed","template":"","meta":[],"product_brand":[],"product_cat":[27,15,23],"product_tag":[44],"class_list":{"0":"post-500","1":"product","2":"type-product","3":"status-publish","4":"has-post-thumbnail","6":"product_cat-serra-de-desdobro","7":"product_cat-serraria","8":"product_cat-serras-de-fita","9":"product_tag-desdobro-horizontal","11":"first","12":"instock","13":"shipping-taxable","14":"product-type-simple"},"_links":{"self":[{"href":"http:\/\/www.maquinasaguia.com.br\/site\/wp-json\/wp\/v2\/product\/500","targetHints":{"allow":["GET"]}}],"collection":[{"href":"http:\/\/www.maquinasaguia.com.br\/site\/wp-json\/wp\/v2\/product"}],"about":[{"href":"http:\/\/www.maquinasaguia.com.br\/site\/wp-json\/wp\/v2\/types\/product"}],"replies":[{"embeddable":true,"href":"http:\/\/www.maquinasaguia.com.br\/site\/wp-json\/wp\/v2\/comments?post=500"}],"wp:featuredmedia":[{"embeddable":true,"href":"http:\/\/www.maquinasaguia.com.br\/site\/wp-json\/wp\/v2\/media\/501"}],"wp:attachment":[{"href":"http:\/\/www.maquinasaguia.com.br\/site\/wp-json\/wp\/v2\/media?parent=500"}],"wp:term":[{"taxonomy":"product_brand","embeddable":true,"href":"http:\/\/www.maquinasaguia.com.br\/site\/wp-json\/wp\/v2\/product_brand?post=500"},{"taxonomy":"product_cat","embeddable":true,"href":"http:\/\/www.maquinasaguia.com.br\/site\/wp-json\/wp\/v2\/product_cat?post=500"},{"taxonomy":"product_tag","embeddable":true,"href":"http:\/\/www.maquinasaguia.com.br\/site\/wp-json\/wp\/v2\/product_tag?post=500"}],"curies":[{"name":"wp","href":"https:\/\/api.w.org\/{rel}","templated":true}]}}