{"id":367,"date":"2014-04-28T14:23:13","date_gmt":"2014-04-28T14:23:13","guid":{"rendered":"http:\/\/www.maquinasaguia.com.br\/site\/?post_type=product&#038;p=367"},"modified":"2019-08-29T19:38:19","modified_gmt":"2019-08-29T19:38:19","slug":"serra-circular-srl-75-e-srm10","status":"publish","type":"product","link":"http:\/\/www.maquinasaguia.com.br\/site\/produto\/serra-circular-srl-75-e-srm10\/","title":{"rendered":"SERRA CIRCULAR REFILADEIRA &#8220;SRL 7,5&#8221; e &#8220;SRM10&#8221;"},"content":{"rendered":"<p>Muito vers\u00e1til, f\u00e1cil manejo e manuten\u00e7\u00e3o muito simples;<br \/>\nNo modelo <strong>&#8220;SRM-10&#8221;<\/strong> a mesa disp\u00f5e de rolos &#8220;rolamentados&#8221; na &#8220;entrada&#8221; e na &#8220;sa\u00edda&#8221;, facilitando assim a sua utiliza\u00e7\u00e3o quando se tratar de pranchas mais pesadas e da maiores dimens\u00f5es;<br \/>\nOpcionalmente pode ser fornecido o &#8220;conjunto&#8221; de &#8220;trilhos e vagonetes&#8221; para utiliza\u00e7\u00e3o de pranchas de grandes dimens\u00f5es;<br \/>\nEm todos os modelos, o eixo &#8220;porta-l\u00e2minas \u00e9 montado em um conjunto que pode ser movido para cima e para baixo, possibilitando regular a altura de corte, bem como facilita e agiliza a opera\u00e7\u00e3o de troca de l\u00e2mina;<br \/>\nCom prote\u00e7\u00e3o na &#8220;mesa&#8221; para l\u00e2mina, e para as polias do eixo da l\u00e2mina e do motor.<br \/>\nObs.: L\u00e2minas apenas para efeito &#8220;ilustrativo&#8221; (*)<\/p>\n<div class=\"title\"><h2> Dados T\u00e9cnicos <\/h2><div class=\"title-line-container\"><div class=\"title-line \"><\/div><\/div><\/div>\n<ul>\n<li>L\u00e2mina &#8220;recomendada&#8221; (*): (n\u00e3o fornecida)<\/li>\n<\/ul>\n<p>SRL-7,5: 350mm de \u00d8<br \/>\nSRM-10: 450mm de \u00d8<\/p>\n<ul>\n<li>Altura m\u00e0xima de corte:<\/li>\n<\/ul>\n<p>SRL-7,5: 75mm (utilizando l\u00e2mina de 300mm de \u00d8)<br \/>\nSRM-10: 100mm (utilizando l\u00e2mina de 450mm de \u00d8)<\/p>\n<ul>\n<li>Eixo &#8220;porta-l\u00e2minas&#8221;:<\/li>\n<\/ul>\n<p>SRL-7,5: 30mm<br \/>\nSRM-10: 35mm<\/p>\n<ul>\n<li>Dimens\u00f5es da mesa:<\/li>\n<\/ul>\n<p>SRL-7,5: (L) 750mm x (C) 1000mm<br \/>\nSRM-10: (L) 750mm x (C) 1200mm<br \/>\nAltura: 800mm (altera\u00e7\u00e3o sob consulta)<\/p>\n<ul>\n<li>Motor:<\/li>\n<\/ul>\n<p>SRL-7,5: 7,5 c.v.<br \/>\nSRM-10: 10 c.v.<\/p>\n<div class=\"title\"><h2> Caracter\u00edsticas F\u00edsicas <\/h2><div class=\"title-line-container\"><div class=\"title-line \"><\/div><\/div><\/div>\n<ul>\n<li>Construida em ferro fundido e perfis dobrados, mesa c\/ refor\u00e7o nas bordas.<\/li>\n<li>Peso l\u00edquido (aproximado):<\/li>\n<\/ul>\n<p>SRL-7,5: 170Kg<br \/>\nSRM-10: 200Kg<\/p>\n<ul>\n<li>Dimens\u00f5es (aproximadas):<\/li>\n<\/ul>\n<p>SRL-7,5: (L) 0,80m x (C) 1,00m x (A) 0,80m;<br \/>\nSRM-10: (L) 0,80m x (C) 1,20m x (A) 0,85m;<\/p>\n","protected":false},"excerpt":{"rendered":"<p><span style=\"font-family: Verdana, Arial, Helvetica, sans-serif; font-size: small;\">Indicado<\/span><span style=\"font-family: Verdana, Arial, Helvetica, sans-serif; font-size: small;\">\u00a0para &#8220;refilar&#8221; (desdobrar) t\u00e1buas e pranchas, com aplica\u00e7\u00e3o em diversos segmentos como por exemplo: madeireiras, marcenarias, constru\u00e7\u00e3o civil, materiais de constru\u00e7\u00e3o, etc;<\/span><\/p>\n","protected":false},"featured_media":809,"comment_status":"closed","ping_status":"closed","template":"","meta":[],"product_brand":[],"product_cat":[16,18],"product_tag":[],"class_list":{"0":"post-367","1":"product","2":"type-product","3":"status-publish","4":"has-post-thumbnail","6":"product_cat-beneficiamento","7":"product_cat-serras-circulares","9":"first","10":"instock","11":"shipping-taxable","12":"product-type-simple"},"_links":{"self":[{"href":"http:\/\/www.maquinasaguia.com.br\/site\/wp-json\/wp\/v2\/product\/367","targetHints":{"allow":["GET"]}}],"collection":[{"href":"http:\/\/www.maquinasaguia.com.br\/site\/wp-json\/wp\/v2\/product"}],"about":[{"href":"http:\/\/www.maquinasaguia.com.br\/site\/wp-json\/wp\/v2\/types\/product"}],"replies":[{"embeddable":true,"href":"http:\/\/www.maquinasaguia.com.br\/site\/wp-json\/wp\/v2\/comments?post=367"}],"wp:featuredmedia":[{"embeddable":true,"href":"http:\/\/www.maquinasaguia.com.br\/site\/wp-json\/wp\/v2\/media\/809"}],"wp:attachment":[{"href":"http:\/\/www.maquinasaguia.com.br\/site\/wp-json\/wp\/v2\/media?parent=367"}],"wp:term":[{"taxonomy":"product_brand","embeddable":true,"href":"http:\/\/www.maquinasaguia.com.br\/site\/wp-json\/wp\/v2\/product_brand?post=367"},{"taxonomy":"product_cat","embeddable":true,"href":"http:\/\/www.maquinasaguia.com.br\/site\/wp-json\/wp\/v2\/product_cat?post=367"},{"taxonomy":"product_tag","embeddable":true,"href":"http:\/\/www.maquinasaguia.com.br\/site\/wp-json\/wp\/v2\/product_tag?post=367"}],"curies":[{"name":"wp","href":"https:\/\/api.w.org\/{rel}","templated":true}]}}