{"id":319,"date":"2014-04-24T19:05:05","date_gmt":"2014-04-24T19:05:05","guid":{"rendered":"http:\/\/www.maquinasaguia.com.br\/site\/?post_type=product&#038;p=319"},"modified":"2016-08-29T12:51:27","modified_gmt":"2016-08-29T12:51:27","slug":"torno-tubulartp","status":"publish","type":"product","link":"http:\/\/www.maquinasaguia.com.br\/site\/produto\/torno-tubulartp\/","title":{"rendered":"TORNO TUBULAR&#8221;TP&#8221;"},"content":{"rendered":"<p>Recomendado para tornear em \u201cparalelo\u201d, pe\u00e7as de madeiras, apresenta melhor funcionabilidade com madeiras de pequeno di\u00e2metro e curtas (de \u00d8\u00a08mm de \u00d8 a 19mm de \u00d8, e 330mm de comprimento m\u00ednimo).<\/p>\n<div class=\"title\"><h2> Dados T\u00e9cnicos <\/h2><div class=\"title-line-container\"><div class=\"title-line \"><\/div><\/div><\/div>\n<ul>\n<li>Avan\u00e7o autom\u00e1tico;<\/li>\n<li>Alimenta\u00e7\u00e3o Manual;<\/li>\n<li>Motoriza\u00e7\u00e3o: um motor de 01 c.v. para o sistema de avan\u00e7o e um motor de 5 c.v. para o sistema do cabe\u00e7ote porta-facas.<\/li>\n<li>Produ\u00e7\u00e3o m\u00e9dia por hora-m\u00e1quina: 625 pe\u00e7as de 1,2m (750m lineares).<\/li>\n<\/ul>\n<div class=\"title\"><h2> Caracter\u00edsticas F\u00edsicas <\/h2><div class=\"title-line-container\"><div class=\"title-line \"><\/div><\/div><\/div>\n<ul>\n<li>Estrutura constru\u00edda em ferro fundido e perfis dobrados;<\/li>\n<li>Peso (l\u00edquido): 230 Kg.;<\/li>\n<li>Dimens\u00f5es (aproximadas): (L) 0,55m x (C) 0,90m x (A) 1,00m<\/li>\n<\/ul>\n","protected":false},"excerpt":{"rendered":"<p>Torno Tubular caracterizado para tornear madeiras com pequeno di\u00e2metro.<\/p>\n","protected":false},"featured_media":762,"comment_status":"closed","ping_status":"closed","template":"","meta":[],"product_brand":[],"product_cat":[16,17,21,20],"product_tag":[],"class_list":{"0":"post-319","1":"product","2":"type-product","3":"status-publish","4":"has-post-thumbnail","6":"product_cat-beneficiamento","7":"product_cat-cabos-de-vassoura","8":"product_cat-industria-moveleira","9":"product_cat-torneados","11":"first","12":"instock","13":"shipping-taxable","14":"product-type-simple"},"_links":{"self":[{"href":"http:\/\/www.maquinasaguia.com.br\/site\/wp-json\/wp\/v2\/product\/319","targetHints":{"allow":["GET"]}}],"collection":[{"href":"http:\/\/www.maquinasaguia.com.br\/site\/wp-json\/wp\/v2\/product"}],"about":[{"href":"http:\/\/www.maquinasaguia.com.br\/site\/wp-json\/wp\/v2\/types\/product"}],"replies":[{"embeddable":true,"href":"http:\/\/www.maquinasaguia.com.br\/site\/wp-json\/wp\/v2\/comments?post=319"}],"wp:featuredmedia":[{"embeddable":true,"href":"http:\/\/www.maquinasaguia.com.br\/site\/wp-json\/wp\/v2\/media\/762"}],"wp:attachment":[{"href":"http:\/\/www.maquinasaguia.com.br\/site\/wp-json\/wp\/v2\/media?parent=319"}],"wp:term":[{"taxonomy":"product_brand","embeddable":true,"href":"http:\/\/www.maquinasaguia.com.br\/site\/wp-json\/wp\/v2\/product_brand?post=319"},{"taxonomy":"product_cat","embeddable":true,"href":"http:\/\/www.maquinasaguia.com.br\/site\/wp-json\/wp\/v2\/product_cat?post=319"},{"taxonomy":"product_tag","embeddable":true,"href":"http:\/\/www.maquinasaguia.com.br\/site\/wp-json\/wp\/v2\/product_tag?post=319"}],"curies":[{"name":"wp","href":"https:\/\/api.w.org\/{rel}","templated":true}]}}