{"id":302,"date":"2014-04-23T18:46:36","date_gmt":"2014-04-23T18:46:36","guid":{"rendered":"http:\/\/www.maquinasaguia.com.br\/site\/?post_type=product&#038;p=302"},"modified":"2016-08-29T12:46:01","modified_gmt":"2016-08-29T12:46:01","slug":"plaina-moldureira-2-faces","status":"publish","type":"product","link":"http:\/\/www.maquinasaguia.com.br\/site\/produto\/plaina-moldureira-2-faces\/","title":{"rendered":"PLAINA MOLDUREIRA DUAS FACES &#8220;PMR-50&#8221;"},"content":{"rendered":"<p>Plaina duas faces, recomendada para plainar molduras (eixo inferior e eixo superior), roli\u00e7os (tipo: roli\u00e7os para grade de ber\u00e7o, roli\u00e7os para &#8220;calceiro&#8221; e &#8220;cabideiro&#8221;, CABOS DE VASSOURAS, roli\u00e7os CIL\u00cdNDRICOS em geral) etc.<\/p>\n<div class=\"title\"><h2> Dados T\u00e9cnicos <\/h2><div class=\"title-line-container\"><div class=\"title-line \"><\/div><\/div><\/div>\n<ul>\n<li>Motoriza\u00e7\u00e3o:<\/li>\n<\/ul>\n<p>Avan\u00e7o 1,5 c.v.<\/p>\n<p>Eixos (inferior e superior) 7,5 c.v. (cada)<\/p>\n<p>Obs.: (altera\u00e7\u00f5es sob consulta)<\/p>\n<ul>\n<li>Avan\u00e7o: 10; 15 ou 20 m lineares p\/ minuto (altera\u00e7\u00f5es sob consulta).<\/li>\n<li>Largura \u00fatil: 90mm<\/li>\n<li>Ferramental: poder\u00e1 ser fornecido \/ cotado em separado.<\/li>\n<\/ul>\n<div class=\"title\"><h2> Caracter\u00edsticas F\u00edsicas <\/h2><div class=\"title-line-container\"><div class=\"title-line \"><\/div><\/div><\/div>\n<ul>\n<li>Estrutura em ferro fundido e perfis dobrados com refor\u00e7o estrutural.<\/li>\n<li>Peso (l\u00edquido): 550 Kg<\/li>\n<li>Dimens\u00f5es aproximadas: (L) 0,80m x (C) 1,40m x (A) 1,30m.<\/li>\n<\/ul>\n","protected":false},"excerpt":{"rendered":"<p>M\u00e1quina recomendada para plainar molduras e fabrica\u00e7\u00e3o de cabos de vassoura em grandes n\u00fameros, apresenta um excelente acabamento atendendo aos padr\u00f5es do mercado INTERNACIONAL.<\/p>\n","protected":false},"featured_media":309,"comment_status":"closed","ping_status":"closed","template":"","meta":[],"product_brand":[],"product_cat":[16,17,19],"product_tag":[],"class_list":{"0":"post-302","1":"product","2":"type-product","3":"status-publish","4":"has-post-thumbnail","6":"product_cat-beneficiamento","7":"product_cat-cabos-de-vassoura","8":"product_cat-plainas-e-componentes","10":"first","11":"instock","12":"shipping-taxable","13":"product-type-simple"},"_links":{"self":[{"href":"http:\/\/www.maquinasaguia.com.br\/site\/wp-json\/wp\/v2\/product\/302","targetHints":{"allow":["GET"]}}],"collection":[{"href":"http:\/\/www.maquinasaguia.com.br\/site\/wp-json\/wp\/v2\/product"}],"about":[{"href":"http:\/\/www.maquinasaguia.com.br\/site\/wp-json\/wp\/v2\/types\/product"}],"replies":[{"embeddable":true,"href":"http:\/\/www.maquinasaguia.com.br\/site\/wp-json\/wp\/v2\/comments?post=302"}],"wp:featuredmedia":[{"embeddable":true,"href":"http:\/\/www.maquinasaguia.com.br\/site\/wp-json\/wp\/v2\/media\/309"}],"wp:attachment":[{"href":"http:\/\/www.maquinasaguia.com.br\/site\/wp-json\/wp\/v2\/media?parent=302"}],"wp:term":[{"taxonomy":"product_brand","embeddable":true,"href":"http:\/\/www.maquinasaguia.com.br\/site\/wp-json\/wp\/v2\/product_brand?post=302"},{"taxonomy":"product_cat","embeddable":true,"href":"http:\/\/www.maquinasaguia.com.br\/site\/wp-json\/wp\/v2\/product_cat?post=302"},{"taxonomy":"product_tag","embeddable":true,"href":"http:\/\/www.maquinasaguia.com.br\/site\/wp-json\/wp\/v2\/product_tag?post=302"}],"curies":[{"name":"wp","href":"https:\/\/api.w.org\/{rel}","templated":true}]}}