{"id":290,"date":"2014-04-22T20:11:34","date_gmt":"2014-04-22T20:11:34","guid":{"rendered":"http:\/\/www.maquinasaguia.com.br\/site\/?post_type=product&#038;p=290"},"modified":"2014-11-04T11:14:01","modified_gmt":"2014-11-04T11:14:01","slug":"rosqueadeira-interna-ri","status":"publish","type":"product","link":"http:\/\/www.maquinasaguia.com.br\/site\/produto\/rosqueadeira-interna-ri\/","title":{"rendered":"ROSQUEADEIRA INTERNA &#8220;RI&#8221;"},"content":{"rendered":"<p>M\u00e1quina indicada para fazer rosca &#8220;interna&#8221; em cepas de madeira (podendo fazer parte do processo de fabrica\u00e7\u00e3o de cepas para rodos, vassouras etc.), de grande versatilidade e grande produtividade, com &#8220;base&#8221; (mesa) que pode ser regulada\/ajustada para trabalhos de diversos tipos de servi\u00e7os\/opera\u00e7\u00f5es, podendo ser rosca &#8220;passante&#8221; ou n\u00e3o, m\u00e1quina de baixa manuten\u00e7\u00e3o e f\u00e1cil opera\u00e7\u00e3o.<\/p>\n<div class=\"title\"><h2> Dados T\u00e9cnicos <\/h2><div class=\"title-line-container\"><div class=\"title-line \"><\/div><\/div><\/div>\n<ul>\n<li>Alimenta\u00e7\u00e3o\/Opera\u00e7\u00e3o Manual;<\/li>\n<li>Motoriza\u00e7\u00e3o: um motor de 0,5 c.v.\u00a0(altera\u00e7\u00e3o sob consulta);<\/li>\n<\/ul>\n<ul>\n<li>Produ\u00e7\u00e3o m\u00e9dia por hora-m\u00e1quina: 600 pe\u00e7as.<\/li>\n<\/ul>\n<div class=\"title\"><h2> Caracter\u00edsticas F\u00edsicas <\/h2><div class=\"title-line-container\"><div class=\"title-line \"><\/div><\/div><\/div>\n<ul>\n<li>Estrutura constru\u00edda em ferro fundido e perfis dobrados;<\/li>\n<li>Peso l\u00edquido (aproximado): 75 Kg;<\/li>\n<li>Dimens\u00f5es (aproximadas): (L) 0,60m x (C) 1,00m x (A) 0,95m.<\/li>\n<\/ul>\n","protected":false},"excerpt":{"rendered":"<p>M\u00e1quina indicada para fazer rosca &#8220;interna&#8221; em cepas de madeira, podendo fazer parte do processo de fabrica\u00e7\u00e3o de cepas para rodos, vassouras etc.<\/p>\n","protected":false},"featured_media":690,"comment_status":"closed","ping_status":"closed","template":"","meta":[],"product_brand":[],"product_cat":[16,17],"product_tag":[],"class_list":{"0":"post-290","1":"product","2":"type-product","3":"status-publish","4":"has-post-thumbnail","6":"product_cat-beneficiamento","7":"product_cat-cabos-de-vassoura","9":"first","10":"instock","11":"shipping-taxable","12":"product-type-simple"},"_links":{"self":[{"href":"http:\/\/www.maquinasaguia.com.br\/site\/wp-json\/wp\/v2\/product\/290","targetHints":{"allow":["GET"]}}],"collection":[{"href":"http:\/\/www.maquinasaguia.com.br\/site\/wp-json\/wp\/v2\/product"}],"about":[{"href":"http:\/\/www.maquinasaguia.com.br\/site\/wp-json\/wp\/v2\/types\/product"}],"replies":[{"embeddable":true,"href":"http:\/\/www.maquinasaguia.com.br\/site\/wp-json\/wp\/v2\/comments?post=290"}],"wp:featuredmedia":[{"embeddable":true,"href":"http:\/\/www.maquinasaguia.com.br\/site\/wp-json\/wp\/v2\/media\/690"}],"wp:attachment":[{"href":"http:\/\/www.maquinasaguia.com.br\/site\/wp-json\/wp\/v2\/media?parent=290"}],"wp:term":[{"taxonomy":"product_brand","embeddable":true,"href":"http:\/\/www.maquinasaguia.com.br\/site\/wp-json\/wp\/v2\/product_brand?post=290"},{"taxonomy":"product_cat","embeddable":true,"href":"http:\/\/www.maquinasaguia.com.br\/site\/wp-json\/wp\/v2\/product_cat?post=290"},{"taxonomy":"product_tag","embeddable":true,"href":"http:\/\/www.maquinasaguia.com.br\/site\/wp-json\/wp\/v2\/product_tag?post=290"}],"curies":[{"name":"wp","href":"https:\/\/api.w.org\/{rel}","templated":true}]}}