{"id":266,"date":"2014-04-22T17:34:50","date_gmt":"2014-04-22T17:34:50","guid":{"rendered":"http:\/\/www.maquinasaguia.com.br\/site\/?post_type=product&#038;p=266"},"modified":"2016-06-24T18:39:21","modified_gmt":"2016-06-24T18:39:21","slug":"conificadora-por-fresa-lateral-cfl-p","status":"publish","type":"product","link":"http:\/\/www.maquinasaguia.com.br\/site\/produto\/conificadora-por-fresa-lateral-cfl-p\/","title":{"rendered":"CONIFICADORA POR FREZA LATERAL &#8211; &#8220;CFL-p&#8221;"},"content":{"rendered":"<p>Indicada para fazer &#8220;cones&#8221; ou &#8220;rebaixos&#8221; em cabos cil\u00edndricos, podendo fazer parte da produ\u00e7\u00e3o de cabos de vassouras.<br \/>\nM\u00e1quina de f\u00e1cil manuseio, regulagem simples e de grande durabilidade e produtividade. O acabamento por ela produzido satisfaz os mais exigentes mercados mundiais.<\/p>\n<p><iframe loading=\"lazy\" src=\"\/\/www.youtube.com\/embed\/IoB-r-7l4uw\" width=\"630\" height=\"354\" frameborder=\"0\" allowfullscreen=\"allowfullscreen\"><\/iframe><\/p>\n<div class=\"title\"><h2> Dados T\u00e9cnicos <\/h2><div class=\"title-line-container\"><div class=\"title-line \"><\/div><\/div><\/div>\n<ul>\n<li>Alimenta\u00e7\u00e3o: Manual;<\/li>\n<li>Acionamento Autom\u00e1tico (por cilindro pneum\u00e1tico);<\/li>\n<li>Motoriza\u00e7\u00e3o Total: 2,25 c.v;<\/li>\n<li>Produ\u00e7\u00e3o &#8220;M\u00e9dia&#8221; por hora\/m\u00e1quina: 700 Pe\u00e7as;<\/li>\n<li>Ferramenta Fornecida\/cotada \u00e0 parte.<\/li>\n<li>Sistema de velocidade por temporizador<\/li>\n<\/ul>\n<div class=\"title\"><h2> Caracter\u00edsticas F\u00edsicas <\/h2><div class=\"title-line-container\"><div class=\"title-line \"><\/div><\/div><\/div>\n<ul>\n<li>Estrutura constru\u00edda em Ferro Fundido e Perfis Dobrados;<\/li>\n<li>Peso L\u00edquido (aproximado): 180 Kg<\/li>\n<li>Dimens\u00f5es (aproximadas): (L) 0,70m X (C) 0,55m X (A) 1,10m<\/li>\n<\/ul>\n","protected":false},"excerpt":{"rendered":"<p>M\u00e1quina indicada para fazer &#8220;cones ou rebaixos&#8221; em cabos cil\u00edndricos, muito utilizada em cabos de vassoura, apresentando alta performance.<\/p>\n","protected":false},"featured_media":753,"comment_status":"closed","ping_status":"closed","template":"","meta":[],"product_brand":[],"product_cat":[16,17],"product_tag":[],"class_list":{"0":"post-266","1":"product","2":"type-product","3":"status-publish","4":"has-post-thumbnail","6":"product_cat-beneficiamento","7":"product_cat-cabos-de-vassoura","9":"first","10":"instock","11":"shipping-taxable","12":"product-type-simple"},"_links":{"self":[{"href":"http:\/\/www.maquinasaguia.com.br\/site\/wp-json\/wp\/v2\/product\/266","targetHints":{"allow":["GET"]}}],"collection":[{"href":"http:\/\/www.maquinasaguia.com.br\/site\/wp-json\/wp\/v2\/product"}],"about":[{"href":"http:\/\/www.maquinasaguia.com.br\/site\/wp-json\/wp\/v2\/types\/product"}],"replies":[{"embeddable":true,"href":"http:\/\/www.maquinasaguia.com.br\/site\/wp-json\/wp\/v2\/comments?post=266"}],"wp:featuredmedia":[{"embeddable":true,"href":"http:\/\/www.maquinasaguia.com.br\/site\/wp-json\/wp\/v2\/media\/753"}],"wp:attachment":[{"href":"http:\/\/www.maquinasaguia.com.br\/site\/wp-json\/wp\/v2\/media?parent=266"}],"wp:term":[{"taxonomy":"product_brand","embeddable":true,"href":"http:\/\/www.maquinasaguia.com.br\/site\/wp-json\/wp\/v2\/product_brand?post=266"},{"taxonomy":"product_cat","embeddable":true,"href":"http:\/\/www.maquinasaguia.com.br\/site\/wp-json\/wp\/v2\/product_cat?post=266"},{"taxonomy":"product_tag","embeddable":true,"href":"http:\/\/www.maquinasaguia.com.br\/site\/wp-json\/wp\/v2\/product_tag?post=266"}],"curies":[{"name":"wp","href":"https:\/\/api.w.org\/{rel}","templated":true}]}}