{"id":111,"date":"2014-03-18T19:14:59","date_gmt":"2014-03-18T19:14:59","guid":{"rendered":"http:\/\/www.maquinasaguia.com.br\/site\/?post_type=product&#038;p=111"},"modified":"2016-06-30T19:37:23","modified_gmt":"2016-06-30T19:37:23","slug":"torno-tubular","status":"publish","type":"product","link":"http:\/\/www.maquinasaguia.com.br\/site\/produto\/torno-tubular\/","title":{"rendered":"TORNO TUBULAR &#8220;TTE5400&#8221;"},"content":{"rendered":"<p>Recomendado para tornear em \u201cparalelo\u201d pe\u00e7as de madeiras, com excelente produ\u00e7\u00e3o, atendendo os padr\u00f5es de qualidade do mercado internacional.<\/p>\n<p><iframe loading=\"lazy\" src=\"\/\/www.youtube.com\/embed\/G4AAgaX4qLc\" width=\"630\" height=\"354\" frameborder=\"0\" allowfullscreen=\"allowfullscreen\"><\/iframe><\/p>\n<div class=\"title\"><h2> Dados T\u00e9cnicos <\/h2><div class=\"title-line-container\"><div class=\"title-line \"><\/div><\/div><\/div>\n<ul>\n<li>Avan\u00e7o Autom\u00e1tico;<\/li>\n<li>Alimenta\u00e7\u00e3o Manual;<\/li>\n<li>Mediante a troca de partes e pe\u00e7as pode tornear de 19 a 28mm de \u00d8, o equipamento \u00e9 fornecido com uma medida\u00a0(a crit\u00e9rio do cliente);<\/li>\n<li>Cabe\u00e7ote com suporte para 04 facas em a\u00e7o (duas de desbaste e duas de acabamento), podendo ser fornecido com cabe\u00e7ote para o uso de facas com ponta de metal duro (widea).<\/li>\n<li>Motoriza\u00e7\u00e3o: um motor de 1,5 c.v. para o sistema de avan\u00e7o e um motor de 7,5 c.v. para o cabe\u00e7ote porta-facas\u00a0(altera\u00e7\u00e3o sob consulta);<\/li>\n<li>Produ\u00e7\u00e3o m\u00e9dia por hora-m\u00e1quina: 625 pe\u00e7as de 1,2m (750m lineares).<\/li>\n<\/ul>\n<div class=\"title\"><h2> Caracter\u00edsticas F\u00edsicas <\/h2><div class=\"title-line-container\"><div class=\"title-line \"><\/div><\/div><\/div>\n<ul>\n<li>Estrutura constru\u00edda em ferro fundido e perfis dobrados;<\/li>\n<li>Peso\u00a0(l\u00edquido): 280 Kg.;<\/li>\n<li>Dimens\u00f5es\u00a0(aproximadas): (L) 0,55m x (C) 1,10m x (A) 1,00m<\/li>\n<\/ul>\n<p><a href=\"http:\/\/www.maquinasaguia.com.br\/site\/wp-content\/uploads\/2014\/03\/maquinas-aguia-torno-tubular-caracteristica-fisica.jpg\"><img loading=\"lazy\" decoding=\"async\" class=\"alignnone size-full wp-image-114\" src=\"http:\/\/www.maquinasaguia.com.br\/site\/wp-content\/uploads\/2014\/03\/maquinas-aguia-torno-tubular-caracteristica-fisica.jpg\" alt=\"maquinas-aguia-torno-tubular-caracteristica-fisica\" width=\"490\" height=\"121\" srcset=\"http:\/\/www.maquinasaguia.com.br\/site\/wp-content\/uploads\/2014\/03\/maquinas-aguia-torno-tubular-caracteristica-fisica.jpg 490w, http:\/\/www.maquinasaguia.com.br\/site\/wp-content\/uploads\/2014\/03\/maquinas-aguia-torno-tubular-caracteristica-fisica-300x74.jpg 300w\" sizes=\"auto, (max-width: 490px) 100vw, 490px\" \/><\/a><\/p>\n","protected":false},"excerpt":{"rendered":"<p>Recomendado para tornear em \u201cparalelo\u201d pe\u00e7as de madeiras, com excelente produ\u00e7\u00e3o, atendendo os padr\u00f5es de qualidade do mercado internacional.<br \/>\n<em><strong>Obs.: Varia\u00e7\u00f5es de modelo do equipamento podem tornear at\u00e9 70 mm de \u00d8.<\/strong><\/em><\/p>\n","protected":false},"featured_media":762,"comment_status":"closed","ping_status":"closed","template":"","meta":[],"product_brand":[],"product_cat":[16,17,20],"product_tag":[],"class_list":{"0":"post-111","1":"product","2":"type-product","3":"status-publish","4":"has-post-thumbnail","6":"product_cat-beneficiamento","7":"product_cat-cabos-de-vassoura","8":"product_cat-torneados","10":"first","11":"instock","12":"shipping-taxable","13":"product-type-simple"},"_links":{"self":[{"href":"http:\/\/www.maquinasaguia.com.br\/site\/wp-json\/wp\/v2\/product\/111","targetHints":{"allow":["GET"]}}],"collection":[{"href":"http:\/\/www.maquinasaguia.com.br\/site\/wp-json\/wp\/v2\/product"}],"about":[{"href":"http:\/\/www.maquinasaguia.com.br\/site\/wp-json\/wp\/v2\/types\/product"}],"replies":[{"embeddable":true,"href":"http:\/\/www.maquinasaguia.com.br\/site\/wp-json\/wp\/v2\/comments?post=111"}],"wp:featuredmedia":[{"embeddable":true,"href":"http:\/\/www.maquinasaguia.com.br\/site\/wp-json\/wp\/v2\/media\/762"}],"wp:attachment":[{"href":"http:\/\/www.maquinasaguia.com.br\/site\/wp-json\/wp\/v2\/media?parent=111"}],"wp:term":[{"taxonomy":"product_brand","embeddable":true,"href":"http:\/\/www.maquinasaguia.com.br\/site\/wp-json\/wp\/v2\/product_brand?post=111"},{"taxonomy":"product_cat","embeddable":true,"href":"http:\/\/www.maquinasaguia.com.br\/site\/wp-json\/wp\/v2\/product_cat?post=111"},{"taxonomy":"product_tag","embeddable":true,"href":"http:\/\/www.maquinasaguia.com.br\/site\/wp-json\/wp\/v2\/product_tag?post=111"}],"curies":[{"name":"wp","href":"https:\/\/api.w.org\/{rel}","templated":true}]}}